l be d(-7). Let j be n(l). Suppose -40 = -2*q - j*q. What is the tens digit of q?
2
Let y(b) = 11*b + 2. Let h be y(0). What is the units digit of (h + -10)*567/(-36)?
6
Let z(r) = r**2 - 27*r + 501. What is the units digit of z(-30)?
1
Let g = 2160 + -1780. What is the hundreds digit of g?
3
Let w be (-58 + -2)*6/((-48)/(-14)). Let g = 176 + w. What is the units digit of g?
1
Let j(y) = -4*y**2 - 6*y + 6. Let t be j(6). Let l = -103 - t. What is the tens digit of l?
7
Let f = -35 + 25. Let b be ((-228)/f)/(2/(-20)). What is the tens digit of (-5)/(20/b) + 4?
6
Let i = -136 - -205. Let m(j) = 48*j**3 + j + 1. Let o be m(-1). Let t = o + i. What is the units digit of t?
1
Suppose -a + 2 = 0, -6*i + 3*i + 1793 = -2*a. What is the hundreds digit of i?
5
Let y(i) = 7*i + 18. Let o be y(-13). Let c = 123 + o. What is the units digit of c?
0
Let f(b) = 86*b**3 - 4*b**2 - b + 1. What is the units digit of f(2)?
1
Suppose 11352 = -c + 23*c. What is the units digit of c?
6
Let f(g) = -2*g**2 - 85*g + 98. What is the units digit of f(-40)?
8
Suppose -3 = -2*f + 1. What is the units digit of 2 - (-2)/f*9?
1
Suppose -6*b + 738 + 498 = 0. What is the tens digit of b?
0
Let g(d) = 10*d**2 - 4*d - 212. What is the hundreds digit of g(16)?
2
Let l(y) = y**3 - 5*y**2 + 2*y - 6. Let m be l(5). Suppose -12 = 3*v, m*h + 5*v = v - 16. Let j(b) = -b**2 + 2*b + 24. What is the units digit of j(h)?
4
Suppose 5*k = 5*t + 2230, 2*k - t - 890 = -0*t. What is the tens digit of k?
4
Let v = -11 - -15. Suppose 0*w = v*w - 24. What is the units digit of 2/4 - (-147)/w?
5
Suppose 5*c + s - 262 = 89, -3*s + 353 = 5*c. Let k = c - 98. What is the tens digit of (-4 - -1)/(7/k)?
1
Suppose -y + 545 = -6*p + 4*p, -5*p - 545 = -y. What is the tens digit of y?
4
Let t = 1617 - -233. What is the hundreds digit of t?
8
Let z(g) = g**3 + 11*g**2 + 2. Let u be z(-11). Suppose 5*l + 21 = -9. What is the units digit of (7/(-3))/(u/l)?
7
Suppose 5*k - 3*t = 5597, 3*k - 6*k + 4*t + 3367 = 0. What is the units digit of k?
7
Let i(l) = l**2 + 4*l + 100. Suppose -33 = 5*j - 33. What is the units digit of i(j)?
0
Let w(h) = 4*h + 6. Let i be w(-12). Let k = i + -29. What is the units digit of (-4)/6 - k/3?
3
Let m(p) = -p**2 - 14*p + 14. Suppose -n - 2 = 9. What is the tens digit of m(n)?
4
Let a(r) = 17*r**2 + 3*r - 50. What is the units digit of a(-7)?
2
Suppose 4*n = -5*p + 1770 + 343, n + 2*p - 532 = 0. What is the units digit of n?
2
Suppose -d + 45 = -f, 3*d + d = -3*f - 128. What is the units digit of (-5 - f) + (-2 - -2)/(-1)?
9
Suppose 2*r - 13 = 5*t + 5, -r = -3*t - 8. Let j be (8/14)/(4/r). Suppose 25 = j*s - 65. What is the tens digit of s?
4
Let w = 3660 + -21. What is the tens digit of w?
3
Let j(h) = 21*h**3 - 5*h**2 - 5*h + 41. What is the tens digit of j(5)?
1
Let k = -11 + 19. Suppose 2*w = -0*v + v + 9, 2*v = 2*w - 14. Suppose -k = 2*d, -u - w*d + 1 + 2 = 0. What is the tens digit of u?
1
Let w = 749 - -2727. What is the thousands digit of w?
3
Suppose 18 = 2*n + 5*d, -2*d - 19 + 68 = 3*n. Suppose 3*q - 32 = n. What is the units digit of q?
7
Suppose -5*x + 4*x = 880. Let g be x/(-10) + (-1 - 1). Suppose 5*t - 49 - g = 0. What is the units digit of t?
7
Let r(l) = l**3 + 12*l**2 + 19*l - 4. Let j be r(-10). What is the units digit of -3*5/j*-6?
5
Suppose -3*u + 0*u + h + 603 = 0, -2*h = 3*u - 603. Suppose 0 = -4*b + 3*j + u, 4*b + 19 = 2*j + 225. What is the tens digit of b?
5
Suppose 0 = -3*s + 12. Suppose 4*b = -s*f - f + 131, -b = 2*f - 53. What is the units digit of f?
7
Suppose 0*m - m + 194 = 2*x, 5*m + 278 = 3*x. Suppose x = 2*o - 2*k, 2*k - 185 = -4*o - k. What is the units digit of o?
7
Let s(d) = -5*d + 10. Let t be 0 + (1 - 1) - 13. What is the units digit of s(t)?
5
Let h be 1/(-7) + 265488/42. What is the hundreds digit of (-4)/(-10) + h/35?
1
Suppose 0 = -3*j + p, -6*j + 4*j - p = -5. What is the units digit of (-3 - j) + -1 - -35?
0
Let h(x) = 86*x**2 - 2*x + 3. Let p(z) = -257*z**2 + 6*z - 10. Let q(j) = 7*h(j) + 2*p(j). Let g be q(2). What is the units digit of (-2)/(-9) - g/(-9)?
9
Suppose 21962 - 4054 = 5*q + c, -14318 = -4*q - 5*c. What is the hundreds digit of q?
5
Suppose r - 2304 = -4*q, -43*r + 6867 = -40*r + 3*q. What is the thousands digit of r?
2
Suppose -24 = -2*c - 32. What is the units digit of c/20 - 663/(-15)?
4
Suppose -2240 = -16*q - 4*q. What is the units digit of q?
2
Let b(q) = -q**2 + 4*q + 9. Let l be (4/6)/((-3)/(-18)). What is the units digit of b(l)?
9
Let h(r) = 3*r - 2. Let s be h(2). Suppose 3*m - s = -1. What is the units digit of m?
1
Suppose -12*c + 19829 = -1867. What is the units digit of c?
8
Let x = -3 - 4. Let f = x + 8. What is the units digit of f?
1
What is the hundreds digit of ((-152)/(-57))/((-4)/(-1737))?
1
Let q(x) = -9*x**3 + 7*x**2 - 7*x - 88. What is the tens digit of q(-8)?
2
Suppose 3*m = -3*k + 7*m + 745, 3*k - 5*m = 746. What is the hundreds digit of k?
2
Let u(f) = 2*f**3 + f**2 - f + 1. Let o be u(1). Suppose -3*r + 2 = 2*i, 8*r = -o*i + 3*r + 1. What is the units digit of i?
7
Let a(y) = 43*y**2 + 112*y + 10. What is the units digit of a(7)?
1
Let l(w) be the third derivative of w**5/15 + w**4/12 + w**3/6 + 3*w**2. Let k be l(-2). Suppose -4*i + k = s, 10 + 9 = s - 2*i. What is the tens digit of s?
1
Let l(c) = -39*c + 41*c - 2*c**2 - 1 + 4 + 0*c**2 - 2*c**3. Let k be l(-2). Let s = 29 - k. What is the units digit of s?
2
Let j = 1412 + -160. What is the hundreds digit of j?
2
Suppose 0 = 3*d + d + 60. Let z = d + 29. What is the tens digit of 2/(-7) - (-186)/z?
1
Suppose q + 2*l - 610 = 7*l, 2540 = 4*q + 5*l. What is the units digit of q?
0
Suppose 0 = -19*q - 4*q + 2599. What is the hundreds digit of q?
1
What is the tens digit of -10*(-3)/6 + 9 + 39?
5
Let h(m) be the third derivative of -m**6/120 - m**5/5 + 11*m**4/24 + 7*m**3/3 - 9*m**2. What is the tens digit of h(-13)?
4
Let q be ((-3)/6)/(2/(-12)*-3). What is the units digit of (q - (-250)/2) + 1*3?
7
Let n(v) = 12*v - 11. Let m(s) = -24*s + 21. Let h(j) = -2*m(j) - 5*n(j). What is the units digit of h(-6)?
5
Suppose -3*u + 4*m + 1914 = 0, -346 = -4*u + 4*m + 2206. What is the hundreds digit of u?
6
Let d = -201 - -102. Let u = -15 - d. What is the units digit of u?
4
Suppose -16*t - 1444 = -20*t. What is the hundreds digit of t?
3
Suppose 2*d + 6 = 4*d. Suppose d*z - z = 36. What is the tens digit of z?
1
What is the units digit of (56/(-84))/((-4)/390)?
5
Let a(q) = 16*q - 6. Let j be a(15). Let c = j + -137. What is the tens digit of c?
9
Let f(d) = -d**2 - d + 1. Let y be f(0). Let n be y/(((-21)/(-24))/7). Suppose -4*a = -n, -g - 4*a + a = -35. What is the units digit of g?
9
Let p = 18 + -23. Let o be p + 2 - (-2 + -1). Suppose 3*i + 93 = 3*f, o*f + 2*f + 5*i - 48 = 0. What is the units digit of f?
9
Let t(n) = -6*n + 44. Let w(b) = -b**3 + 13*b**2 - 9. Let o be w(13). What is the tens digit of t(o)?
9
Suppose 0 = l - 6*l. Suppose i - 95 = -4*j, -3*j + l*i = 2*i - 65. What is the tens digit of j?
2
Suppose 0 = -13*a - 833 - 1091. Let o = a + 250. What is the hundreds digit of o?
1
Let r be ((-5)/(-2))/((-1)/(-2)). Suppose 4*o = -5*i + 12, o = -r*i - 0*i - 12. Suppose -42 - o = -x. What is the units digit of x?
0
Suppose 0 = -9*k + 13*k + 44. Let i = k + 31. What is the units digit of i?
0
What is the units digit of ((-1248)/56)/((-2)/21)?
4
Let h be (-2)/5 + (240/25)/(-6). What is the tens digit of 1*((-2 - (h - 2)) + 89)?
9
Let a = 551 + -138. What is the units digit of a?
3
Let y(o) = 2*o + 25. Let m be y(-14). Let i(d) = -d**3 + 5*d**2 + 2*d - 7. What is the units digit of i(m)?
9
Let v(z) = 2*z**2 + 3*z + 2. Let q be v(-2). Let i(c) = -c + 4. Let s be i(q). Suppose -2*h + 5*j + 51 = s, -4*h = 4*j - 87 - 1. What is the tens digit of h?
2
Let g be 45/(-6)*(5 - 35/15). Suppose 0*r - 3*r = 0. Let t = r - g. What is the units digit of t?
0
Let d(s) = 7*s + 101. What is the hundreds digit of d(32)?
3
Suppose 4*z = -29 + 17. Let w(h) = -h**3 - 2*h**2 + h - 4. Let l be w(z). Suppose -9*b = -l*b - 91. What is the tens digit of b?
1
Let q = -381 - -268. What is the units digit of 1 + q/(-2) - (-6)/(-12)?
7
Suppose -4*f - 1464 = -4*g, -4*f + 2*f - 366 = -g. What is the units digit of g?
6
Suppose 0 = -3*a + 2740 - 64. What is the hundreds digit